 divided by 166.
151
Calculate the remainder when 308 is divided by 99.
11
What is the remainder when 1331 is divided by 20?
11
Calculate the remainder when 1533 is divided by 59.
58
Calculate the remainder when 1752 is divided by 140.
72
Calculate the remainder when 299 is divided by 290.
9
What is the remainder when 67 is divided by 13?
2
What is the remainder when 1171 is divided by 131?
123
What is the remainder when 103 is divided by 18?
13
What is the remainder when 245 is divided by 29?
13
Calculate the remainder when 579 is divided by 85.
69
What is the remainder when 5544 is divided by 2?
0
Calculate the remainder when 133 is divided by 45.
43
What is the remainder when 96 is divided by 35?
26
Calculate the remainder when 413 is divided by 38.
33
Calculate the remainder when 562 is divided by 81.
76
Calculate the remainder when 559 is divided by 311.
248
What is the remainder when 504 is divided by 22?
20
Calculate the remainder when 173 is divided by 58.
57
What is the remainder when 249 is divided by 42?
39
What is the remainder when 508 is divided by 48?
28
Calculate the remainder when 378 is divided by 164.
50
Calculate the remainder when 60 is divided by 19.
3
Calculate the remainder when 1188 is divided by 14.
12
Calculate the remainder when 79 is divided by 25.
4
What is the remainder when 485 is divided by 18?
17
Calculate the remainder when 2163 is divided by 5.
3
What is the remainder when 20468 is divided by 46?
44
What is the remainder when 164 is divided by 24?
20
Calculate the remainder when 706 is divided by 21.
13
Calculate the remainder when 481 is divided by 47.
11
Calculate the remainder when 130 is divided by 44.
42
What is the remainder when 182 is divided by 63?
56
Calculate the remainder when 141 is divided by 39.
24
Calculate the remainder when 362 is divided by 70.
12
Calculate the remainder when 78 is divided by 50.
28
What is the remainder when 529 is divided by 70?
39
Calculate the remainder when 1137 is divided by 565.
7
What is the remainder when 332 is divided by 332?
0
Calculate the remainder when 228 is divided by 73.
9
Calculate the remainder when 5307 is divided by 118.
115
What is the remainder when 318 is divided by 12?
6
What is the remainder when 1577 is divided by 113?
108
What is the remainder when 409 is divided by 21?
10
Calculate the remainder when 822 is divided by 120.
102
What is the remainder when 335 is divided by 92?
59
What is the remainder when 2007 is divided by 49?
47
Calculate the remainder when 420 is divided by 137.
9
Calculate the remainder when 477 is divided by 12.
9
Calculate the remainder when 196 is divided by 6.
4
What is the remainder when 234 is divided by 34?
30
Calculate the remainder when 367 is divided by 47.
38
Calculate the remainder when 12 is divided by 11.
1
Calculate the remainder when 129 is divided by 15.
9
What is the remainder when 1867 is divided by 30?
7
What is the remainder when 134 is divided by 15?
14
Calculate the remainder when 753 is divided by 13.
12
What is the remainder when 286 is divided by 86?
28
What is the remainder when 2479 is divided by 20?
19
Calculate the remainder when 192 is divided by 48.
0
Calculate the remainder when 2183 is divided by 8.
7
Calculate the remainder when 793 is divided by 104.
65
What is the remainder when 241 is divided by 225?
16
Calculate the remainder when 208 is divided by 53.
49
Calculate the remainder when 235 is divided by 51.
31
Calculate the remainder when 1033 is divided by 26.
19
Calculate the remainder when 62 is divided by 10.
2
What is the remainder when 304 is divided by 34?
32
Calculate the remainder when 582 is divided by 14.
8
Calculate the remainder when 315 is divided by 80.
75
Calculate the remainder when 8412 is divided by 9.
6
What is the remainder when 278 is divided by 47?
43
What is the remainder when 78 is divided by 47?
31
Calculate the remainder when 130 is divided by 9.
4
What is the remainder when 53 is divided by 4?
1
What is the remainder when 331 is divided by 156?
19
What is the remainder when 1169 is divided by 584?
1
Calculate the remainder when 46 is divided by 8.
6
Calculate the remainder when 42 is divided by 30.
12
Calculate the remainder when 168 is divided by 68.
32
Calculate the remainder when 380 is divided by 58.
32
What is the remainder when 21 is divided by 8?
5
Calculate the remainder when 2545 is divided by 51.
46
Calculate the remainder when 264 is divided by 46.
34
Calculate the remainder when 354 is divided by 24.
18
Calculate the remainder when 101 is divided by 26.
23
Calculate the remainder when 129 is divided by 15.
9
Calculate the remainder when 3087 is divided by 10.
7
Calculate the remainder when 305 is divided by 102.
101
Calculate the remainder when 102 is divided by 53.
49
Calculate the remainder when 49 is divided by 1.
0
What is the remainder when 23 is divided by 19?
4
Calculate the remainder when 745 is divided by 308.
129
Calculate the remainder when 104 is divided by 36.
32
Calculate the remainder when 545 is divided by 105.
20
Calculate the remainder when 1258 is divided by 159.
145
What is the remainder when 394 is divided by 69?
49
What is the remainder when 387 is divided by 263?
124
Calculate the remainder when 48 is divided by 29.
19
Calculate the remainder when 30 is divided by 17.
13
What is the remainder when 54 is divided by 14?
12
What is the remainder when 51 is divided by 9?
6
Calculate the remainder when 74 is divided by 27.
20
Calculate the remainder when 23462 is divided by 28.
26
What is the remainder when 17 is divided by 12?
5
Calculate the remainder when 359 is divided by 79.
43
What is the remainder when 937 is divided by 8?
1
What is the remainder when 287 is divided by 29?
26
What is the remainder when 72 is divided by 39?
33
Calculate the remainder when 150 is divided by 46.
12
Calculate the remainder when 599 is divided by 9.
5
What is the remainder when 2777 is divided by 1381?
15
Calculate the remainder when 428 is divided by 34.
20
Calculate the remainder when 68 is divided by 59.
9
Calculate the remainder when 475 is divided by 154.
13
Calculate the remainder when 463 is divided by 422.
41
Calculate the remainder when 122 is divided by 62.
60
Calculate the remainder when 16 is divided by 1.
0
What is the remainder when 765 is divided by 151?
10
Calculate the remainder when 456 is divided by 168.
120
What is the remainder when 59 is divided by 3?
2
Calculate the remainder when 94 is divided by 16.
14
Calculate the remainder when 1981 is divided by 87.
67
What is the remainder when 421 is divided by 32?
5
What is the remainder when 633 is divided by 174?
111
Calculate the remainder when 2659 is divided by 4.
3
Calculate the remainder when 1950 is divided by 9.
6
What is the remainder when 573 is divided by 52?
1
What is the remainder when 9102 is divided by 29?
25
Calculate the remainder when 419 is divided by 162.
95
What is the remainder when 54 is divided by 9?
0
What is the remainder when 4844 is divided by 131?
128
What is the remainder when 215 is divided by 110?
105
What is the remainder when 73 is divided by 38?
35
Calculate the remainder when 42 is divided by 30.
12
Calculate the remainder when 153 is divided by 22.
21
What is the remainder when 5135 is divided by 7?
4
Calculate the remainder when 240 is divided by 200.
40
What is the remainder when 417 is divided by 105?
102
What is the remainder when 28 is divided by 11?
6
Calculate the remainder when 1772 is divided by 25.
22
What is the remainder when 54 is divided by 8?
6
What is the remainder when 448 is divided by 147?
7
Calculate the remainder when 15357 is divided by 16.
13
Calculate the remainder when 22439 is divided by 51.
50
Calculate the remainder when 409 is divided by 191.
27
What is the remainder when 167 is divided by 17?
14
Calculate the remainder when 378 is divided by 76.
74
What is the remainder when 642 is divided by 18?
12
What is the remainder when 198 is divided by 89?
20
What is the remainder when 4975 is divided by 17?
11
What is the remainder when 6892 is divided by 275?
17
Calculate the remainder when 3798 is divided by 1899.
0
What is the remainder when 33 is divided by 3?
0
Calculate the remainder when 126021 is divided by 4